0519287.
20519287
List the prime factors of 116002529.
116002529
What are the prime factors of 567459975?
3, 5, 7566133
What are the prime factors of 203949545?
5, 40789909
List the prime factors of 37210527.
3, 23, 67, 2683
What are the prime factors of 1577028079?
11, 1823, 78643
What are the prime factors of 273008692?
2, 11, 31, 200153
List the prime factors of 199286314.
2, 99643157
List the prime factors of 15818783.
15818783
What are the prime factors of 321807737?
673, 478169
List the prime factors of 1682050306.
2, 23, 151, 242161
What are the prime factors of 55984618?
2, 27992309
What are the prime factors of 3477165703?
11, 17, 47, 395627
List the prime factors of 5239692727.
149, 35165723
What are the prime factors of 2196336409?
2196336409
What are the prime factors of 47386228?
2, 19, 31, 20113
What are the prime factors of 16279313?
16279313
What are the prime factors of 2313358303?
397, 5827099
List the prime factors of 39488555.
5, 19, 415669
List the prime factors of 191911683.
3, 63970561
What are the prime factors of 1044853801?
1044853801
What are the prime factors of 52867590?
2, 3, 5, 79, 22307
List the prime factors of 10612807.
907, 11701
What are the prime factors of 26455454?
2, 47, 229, 1229
What are the prime factors of 106368312?
2, 3, 167, 26539
What are the prime factors of 5651005?
5, 757, 1493
List the prime factors of 34239234.
2, 3, 59, 311
What are the prime factors of 41434441?
4517, 9173
What are the prime factors of 95892918?
2, 3, 11, 1452923
List the prime factors of 509334952.
2, 7, 9095267
What are the prime factors of 58875030?
2, 3, 5, 654167
List the prime factors of 58227313.
47, 71, 17449
List the prime factors of 282373496.
2, 139, 197, 1289
What are the prime factors of 75391499?
75391499
List the prime factors of 1512534333.
3, 504178111
List the prime factors of 220192291.
11, 37, 137, 359
What are the prime factors of 2791885?
5, 73, 7649
What are the prime factors of 71185536?
2, 3, 61, 1013
List the prime factors of 261083443.
613, 425911
What are the prime factors of 211869516?
2, 3, 17655793
What are the prime factors of 9132784?
2, 37, 15427
List the prime factors of 144346037.
11, 59, 197, 1129
List the prime factors of 45397249.
2309, 19661
What are the prime factors of 400554852?
2, 3, 33379571
What are the prime factors of 337332703?
1801, 187303
What are the prime factors of 5442928611?
3, 1814309537
What are the prime factors of 265947361?
41, 617, 10513
What are the prime factors of 95575849?
1171, 81619
What are the prime factors of 846340547?
13, 65103119
What are the prime factors of 463750461?
3, 19, 79, 11443
List the prime factors of 2975767.
757, 3931
List the prime factors of 2559622.
2, 13, 17, 5791
What are the prime factors of 53374526?
2, 17, 1569839
List the prime factors of 72565663.
103, 704521
What are the prime factors of 4491525139?
43, 211, 495043
List the prime factors of 4759275685.
5, 951855137
List the prime factors of 146888069.
19, 53, 199, 733
What are the prime factors of 27079483?
241, 112363
List the prime factors of 1074846083.
911, 1179853
List the prime factors of 229956625.
5, 1839653
What are the prime factors of 5854447601?
2971, 1970531
List the prime factors of 65900744.
2, 7, 13, 90523
List the prime factors of 3055796432.
2, 13, 97, 311, 487
List the prime factors of 397092579.
3, 13, 17, 598933
What are the prime factors of 2400234046?
2, 7, 17, 23, 438479
List the prime factors of 620827971.
3, 10289, 20113
List the prime factors of 436302194.
2, 173, 1260989
What are the prime factors of 45916995?
3, 5, 3061133
What are the prime factors of 26390569?
26390569
List the prime factors of 668617556.
2, 7351, 22739
List the prime factors of 51599913.
3, 17, 1011763
What are the prime factors of 118983980?
2, 5, 1093, 5443
List the prime factors of 194528431.
43, 4523917
What are the prime factors of 646977907?
29, 22309583
What are the prime factors of 1217241886?
2, 7, 179, 485731
List the prime factors of 28693367.
28693367
What are the prime factors of 1748300376?
2, 3, 223, 326663
What are the prime factors of 1632112128?
2, 3, 43, 8237
List the prime factors of 825483838.
2, 37, 11155187
What are the prime factors of 51951673?
29, 101, 17737
What are the prime factors of 245981579?
643, 382553
What are the prime factors of 82379183?
31, 2657393
What are the prime factors of 2042263876?
2, 8693, 58733
List the prime factors of 2220131405.
5, 17, 26119193
What are the prime factors of 1568323398?
2, 3, 261387233
What are the prime factors of 34646477?
79, 181, 2423
What are the prime factors of 383383338?
2, 3, 13, 4915171
List the prime factors of 125799413.
125799413
What are the prime factors of 5705864434?
2, 29, 98376973
List the prime factors of 667805953.
43, 1361, 11411
What are the prime factors of 2627418412?
2, 283, 2321041
What are the prime factors of 3920112939?
3, 23, 56813231
List the prime factors of 1008727802.
2, 587, 859223
List the prime factors of 308136874.
2, 173, 467, 1907
What are the prime factors of 115682327?
229, 337, 1499
List the prime factors of 13699584.
2, 3, 991
What are the prime factors of 97366469?
19, 47, 107, 1019
List the prime factors of 1537137664.
2, 607, 2473
List the prime factors of 742333774.
2, 7, 13, 4078757
What are the prime factors of 1259280727?
19, 66277933
List the prime factors of 655181560.
2, 5, 11, 19, 109, 719
List the prime factors of 3394354624.
2, 89, 131, 4549
What are the prime factors of 88259681?
53, 1665277
List the prime factors of 561057681.
3, 17, 11001131
What are the prime factors of 105158733?
3, 2027, 17293
List the prime factors of 94258133.
94258133
What are the prime factors of 7982035386?
2, 3, 13, 269, 380423
What are the prime factors of 1909356107?
307, 2339, 2659
List the prime factors of 468498127.
468498127
What are the prime factors of 34028545?
5, 31, 59, 61
List the prime factors of 961706863.
13, 73977451
List the prime factors of 60288399.
3, 1483, 4517
List the prime factors of 188984086.
2, 37, 47, 67, 811
What are the prime factors of 157726497?
3, 139, 378241
What are the prime factors of 4380944071?
7, 625849153
What are the prime factors of 35078620?
2, 5, 1753931
What are the prime factors of 795268477?
383, 2076419
List the prime factors of 314206817.
227, 1384171
What are the prime factors of 237002424?
2, 3, 587, 16823
List the prime factors of 12888232.
2, 7, 19, 12113
What are the prime factors of 14614666?
2, 11, 29, 22907
What are the prime factors of 14866448?
2, 929153
List the prime factors of 4292473140.
2, 3, 5, 17, 719, 1951
List the prime factors of 285228340.
2, 5, 29, 491773
List the prime factors of 44740188.
2, 3, 67, 229
What are the prime factors of 1524374038?
2, 11, 29, 991, 2411
What are the prime factors of 115398886?
2, 57699443
List the prime factors of 70513663.
11, 6410333
List the prime factors of 302117560.
2, 5, 7552939
What are the prime factors of 186629010?
2, 3, 5, 47, 132361
List the prime factors of 238562821.
7, 1831, 2659
List the prime factors of 4911591776.
2, 7, 13, 1686673
List the prime factors of 11954923.
11954923
What are the prime factors of 174371300?
2, 5, 1743713
What are the prime factors of 43699779?
3, 4855531
What are the prime factors of 151603082?
2, 31, 2445211
What are the prime factors of 1432038872?
2, 11, 134489
What are the prime factors of 4278511865?
5, 19, 23, 1013, 1933
What are the prime factors of 720401010?
2, 3, 5, 7, 17, 373, 541
List the prime factors of 36913435.
5, 13, 567899
What are the prime factors of 63539559?
3, 97, 8087
What are the prime factors of 98327772?
2, 3, 2731327
What are the prime factors of 3342425985?
3, 5, 41, 67, 9013
List the prime factors of 177083656.
2, 31, 71, 89, 113
List the prime factors of 52544639.
7, 409, 18353
What are the prime factors of 385028296?
2, 48128537
What are the prime factors of 320486937?
3, 47, 2272957
What are the prime factors of 47630403?
3, 1764089
List the prime factors of 71135876.
2, 7, 2540567
What are the prime factors of 6430105094?
2, 7, 241, 1905781
What are the prime factors of 52092802?
2, 911, 28591
What are the prime factors of 210602825?
5, 1733, 4861
List the prime factors of 2739459455.
5, 547891